common factor of 1889386 and 1241?
73
Calculate the greatest common divisor of 120 and 1064148.
12
Calculate the greatest common factor of 780 and 4914.
78
Calculate the highest common divisor of 2983 and 14601.
157
What is the highest common factor of 726566 and 290?
58
What is the greatest common divisor of 1182 and 195424?
394
What is the greatest common divisor of 5356 and 6656?
52
What is the highest common divisor of 785 and 2860540?
785
Calculate the greatest common factor of 611706 and 2959.
269
Calculate the highest common factor of 8 and 135224.
8
Calculate the greatest common divisor of 6226 and 44.
22
What is the greatest common factor of 1226414 and 238?
238
What is the highest common factor of 9174 and 418?
22
Calculate the greatest common factor of 5571 and 15.
3
What is the greatest common factor of 5120 and 15440?
80
What is the highest common divisor of 1340 and 2747?
67
What is the greatest common factor of 1451564 and 106?
106
Calculate the greatest common factor of 2888 and 2128.
152
What is the highest common divisor of 84031 and 17?
17
Calculate the highest common factor of 174318 and 1122.
102
What is the highest common factor of 604193 and 86?
43
What is the highest common divisor of 2380 and 268380?
140
Calculate the greatest common divisor of 1673 and 3220.
7
Calculate the greatest common factor of 513 and 456.
57
What is the greatest common factor of 679393 and 143?
143
Calculate the highest common factor of 176 and 1124.
4
Calculate the highest common factor of 236819 and 11.
11
What is the highest common factor of 18528 and 42528?
96
Calculate the highest common factor of 16 and 1324532.
4
What is the greatest common divisor of 60 and 64116?
12
What is the greatest common divisor of 4390 and 1280?
10
What is the greatest common divisor of 241777 and 2?
1
Calculate the highest common divisor of 4475 and 273154.
179
What is the greatest common factor of 26 and 2024?
2
Calculate the highest common divisor of 609 and 4683.
21
What is the highest common divisor of 756 and 816?
12
Calculate the greatest common divisor of 2299659 and 3.
3
Calculate the highest common divisor of 62388 and 39.
3
Calculate the greatest common factor of 15155 and 3464.
433
Calculate the highest common factor of 8 and 845.
1
What is the greatest common factor of 52010 and 70?
70
Calculate the greatest common divisor of 15870 and 4002.
138
Calculate the highest common divisor of 28910 and 12685.
295
Calculate the greatest common divisor of 4880 and 176900.
1220
What is the greatest common divisor of 44 and 97350?
22
What is the greatest common factor of 1290 and 2370?
30
Calculate the highest common factor of 31 and 197966.
31
Calculate the greatest common factor of 38 and 50.
2
What is the greatest common divisor of 5561 and 581?
83
Calculate the highest common factor of 620 and 117707.
31
What is the greatest common divisor of 3732 and 54?
6
What is the greatest common divisor of 98 and 28763?
49
Calculate the greatest common factor of 128 and 216.
8
Calculate the greatest common divisor of 33798 and 678.
6
Calculate the greatest common divisor of 110 and 29690.
10
What is the greatest common divisor of 2938 and 52658?
226
What is the greatest common divisor of 107579 and 1202?
601
Calculate the highest common divisor of 9071 and 1351.
193
What is the highest common factor of 27 and 1371?
3
Calculate the greatest common factor of 986 and 14384.
58
What is the greatest common divisor of 244 and 577487?
61
What is the highest common divisor of 356224 and 253?
253
Calculate the highest common divisor of 3055 and 205907.
611
Calculate the highest common factor of 6 and 112638.
6
Calculate the highest common factor of 20 and 596280.
20
Calculate the highest common divisor of 8489 and 5824.
13
What is the greatest common factor of 224 and 326088?
56
Calculate the highest common divisor of 355995 and 30.
15
Calculate the greatest common divisor of 3216 and 25584.
48
Calculate the greatest common factor of 13153 and 16.
1
Calculate the greatest common divisor of 29268 and 391053.
813
Calculate the highest common divisor of 8415 and 693.
99
Calculate the highest common factor of 70033 and 944.
59
What is the greatest common factor of 39124 and 24?
4
Calculate the greatest common factor of 16 and 8984.
8
Calculate the greatest common divisor of 24804 and 882.
18
What is the greatest common divisor of 900746 and 154?
154
What is the greatest common divisor of 8 and 313012?
4
What is the greatest common divisor of 143086 and 116?
58
What is the highest common factor of 124840 and 40?
40
Calculate the greatest common divisor of 4942051 and 31.
31
What is the highest common factor of 380 and 34390?
190
Calculate the greatest common divisor of 6697 and 259.
37
Calculate the highest common factor of 11172 and 3819.
57
What is the greatest common divisor of 240183 and 63?
9
Calculate the greatest common factor of 82069 and 559.
13
What is the highest common divisor of 410 and 710?
10
Calculate the highest common factor of 1257099 and 51.
51
Calculate the greatest common divisor of 111547 and 1685.
337
What is the highest common factor of 542 and 509209?
271
What is the highest common factor of 55 and 4955?
5
What is the greatest common divisor of 51680 and 2432?
608
What is the highest common divisor of 12 and 96762?
6
Calculate the highest common divisor of 58512 and 516.
12
What is the greatest common divisor of 633 and 12?
3
What is the greatest common divisor of 158128 and 32?
16
Calculate the greatest common divisor of 124 and 2124.
4
Calculate the highest common factor of 3956 and 2484.
92
What is the greatest common factor of 219275 and 7?
7
What is the highest common factor of 13 and 17893577?
13
What is the highest common factor of 2193 and 18615?
51
What is the highest common divisor of 7123 and 221?
17
What is the greatest common factor of 2806 and 26174?
46
Calculate the highest common factor of 99344 and 112.
112
Calculate the greatest common factor of 341 and 4309.
31
Calculate the highest common divisor of 40403 and 55.
11
What is the highest common factor of 27692 and 308?
28
Calculate the highest common factor of 109 and 968683.
109
Calculate the greatest common factor of 208571 and 55.
11
What is the highest common factor of 100 and 12380?
20
What is the highest common divisor of 1052772 and 2265?
453
Calculate the highest common divisor of 85 and 59449.
17
Calculate the highest common factor of 110 and 1593970.
10
Calculate the greatest common factor of 415 and 30665.
5
Calculate the highest common factor of 3600 and 103176.
72
What is the highest common factor of 23788 and 517076?
1252
What is the greatest common factor of 145 and 24389?
29
What is the highest common divisor of 517905 and 765?
765
Calculate the highest common factor of 33 and 66957.
33
Calculate the highest common divisor of 483 and 286557.
69
Calculate the greatest common divisor of 1960 and 104440.
280
What is the highest common factor of 136 and 30532?
68
Calculate the greatest common divisor of 351 and 143667.
27
Calculate the greatest common divisor of 123108 and 24.
12
What is the greatest common factor of 396 and 1254132?
396
What is the highest common factor of 76905 and 855?
45
Calculate the greatest common divisor of 28 and 48979.
7
What is the greatest common factor of 30216 and 48?
24
What is the greatest common divisor of 106 and 43778?
106
Calculate the highest common divisor of 276 and 868.
4
What is the greatest common divisor of 81765 and 230?
115
Calculate the highest common divisor of 2310 and 5670.
210
What is the greatest common factor of 320 and 784?
16
Calculate the highest common divisor of 1905 and 948055.
635
Calculate the greatest common factor of 1023 and 1209.
93
Calculate the highest common divisor of 3914 and 874.
38
Calculate the highest common divisor of 194 and 62371.
97
What is the highest common divisor of 146398 and 98?
14
What is the greatest common factor of 15239 and 30789?
311
Calculate the greatest common divisor of 47 and 641.
1
What is the greatest common factor of 224715 and 355?
355
What is the greatest common divisor of 1971 and 2403?
27
Calculate the greatest common factor of 241 and 6458559.
241
What is the greatest co